prime factors of h.
2, 11
Let u be 3/3 - (-6)/2. Suppose -u*a - 41 = -145. List the prime factors of a.
2, 13
Let j(m) be the second derivative of m**5/20 - 2*m**4/3 - 3*m**3/2 + 2*m**2 + 4*m. List the prime factors of j(9).
2
Suppose 0 = 4*w + 4 - 12. What are the prime factors of (52/(-8))/(w/(-4))?
13
Suppose 3*q = -k + 9, -7 = -5*q - k + 6. Suppose -x + 4 + q = 0. What are the prime factors of x?
2, 3
Let t(y) be the third derivative of y**6/120 - 7*y**5/60 + y**4/8 - y**3 + 4*y**2. List the prime factors of t(7).
3, 5
Suppose y = 5*y - 140. Let m = 4 - -3. Suppose -2*d - y = -m*d. List the prime factors of d.
7
Suppose 0 = -v + 3*n + 4, -119 + 23 = -4*v - 4*n. What are the prime factors of v?
19
Suppose t - 7 = 3*c + 13, 4*t - c = 25. Suppose -t + 0 = 5*z. Let n = z + 3. What are the prime factors of n?
2
Let s be (-1)/(-3) + (-1028)/(-12). Suppose 0*k + s = 2*k + 5*g, -g - 43 = -k. What are the prime factors of k?
43
Suppose 5*f + 5 = 3*k - 10, -2*f - 6 = -2*k. Suppose -x - x + 24 = k. List the prime factors of x.
2, 3
Let s(l) = l**3 - 7*l**2 - 2*l + 13. What are the prime factors of s(9)?
157
Let f(m) = -8*m - 5. Let l(p) = 4*p + 3. Let w(r) = 2*f(r) + 5*l(r). Let b be (-1)/2 - 18/(-4). What are the prime factors of w(b)?
3, 7
Let b(k) = k - 13. Let w be b(-9). Let r = w - -32. List the prime factors of r.
2, 5
Let u = 7 + -2. Suppose 3*x - 3 = -3*a, 0 = a + 3*x + u - 0. What are the prime factors of 2/(-1)*(-22)/a?
11
List the prime factors of ((-11)/((-330)/216))/((-1)/(-5)).
2, 3
What are the prime factors of 1428/20 - 4/10?
71
Suppose 65 = -3*o - v, -4*o - 111 = o + v. Let r = o + 43. What are the prime factors of r?
2, 5
Suppose 7*q - 2*q - 39 = -4*l, l - 15 = 4*q. Let y = l + -6. What are the prime factors of y?
5
Let g(o) = o**2 + 6*o + 1. Let n be g(-7). Suppose -1 = -q + n. List the prime factors of q.
3
Let f = -16 + 62. What are the prime factors of f?
2, 23
What are the prime factors of 4060/30 + 1/(-3)?
3, 5
Let l(v) = v**2 - v + 25. What are the prime factors of l(0)?
5
Let m = 152 + -101. List the prime factors of m.
3, 17
Suppose -10 = -3*v + 8*v. List the prime factors of v/(-8) + (-124)/(-16).
2
Suppose 2*y - 4 + 0 = 0. Let o(f) = -f - 6*f - 2*f - y*f - 3. List the prime factors of o(-2).
19
Suppose 0 = -4*m + 1012 + 340. What are the prime factors of 18/(-63) - m/(-7)?
2, 3
Suppose -5*v = 2*t + 38, 0 = -2*v - 0*v + 2*t - 4. Let h = v - -17. List the prime factors of h.
11
Suppose 5*r - 2 + 12 = 0. Let o(n) = -n - 1. Let v be o(r). Suppose 7 - v = -3*l, l = -4*k + 50. List the prime factors of k.
13
Suppose 5*g = 692 - 72. List the prime factors of g.
2, 31
Let b(j) = -j + 14. Let q be b(9). Suppose 3*o - 2*o - 46 = 4*n, o - 51 = q*n. What are the prime factors of o?
2, 13
Let l be (-4)/4 + -2 + 3. Suppose -5*q + 0*q + 30 = l. What are the prime factors of q?
2, 3
Let m(r) = -59*r + 12. List the prime factors of m(-2).
2, 5, 13
Let o = 5 - -8. Suppose 2*r - o = 11. List the prime factors of r + -1 + 3 + -2.
2, 3
Let n(b) be the third derivative of 7*b**5/30 - b**4/6 + b**3/2 + 9*b**2. List the prime factors of n(2).
3, 17
Let j = -4 + 4. Suppose j = -q + 2*q - 19. List the prime factors of q.
19
Let c = -6 + 12. Suppose -o + c*o = -15. Let q = o + 12. List the prime factors of q.
3
Suppose 4*r = -2*d - 58, -3*r = -3*d + r - 77. Let q(k) = -13*k. Let b be q(3). Let p = d - b. List the prime factors of p.
2, 3
Let z be (81/(-6))/(6/(-16)). Suppose p - z = -p. List the prime factors of p.
2, 3
Suppose 2*x + 3*u + 0 = 1, -3*u + 6 = -3*x. Let b(f) = 4*f**2 - 2*f - 1. What are the prime factors of b(x)?
5
Let s(x) = -x**3 - 17*x**2 + 25. List the prime factors of s(-17).
5
Suppose 2*o + 5*z = 471, -2*o = -0*o - z - 489. List the prime factors of o.
3
Let c = -8 + 24. What are the prime factors of c?
2
Suppose 0*k = 2*k. Suppose k = -4*v - 3 + 43. What are the prime factors of v?
2, 5
Let k(u) = -4*u**3 - u**2. Let w be k(-1). Let t be 145/7 - (-6)/21. Suppose -z = z + w*j - t, z + j = 9. What are the prime factors of z?
2, 3
Suppose 3*m - 5*m = -120. What are the prime factors of m?
2, 3, 5
Suppose 0 = 9*p - 2034 + 369. List the prime factors of p.
5, 37
Suppose 4*p - 8 - 4 = 0. Suppose -4*b + 1 - 3 = -2*q, 0 = -p*b - 5*q + 5. Suppose -2*s - 3*i - 5 = b, -3*i = -i + 6. What are the prime factors of s?
2
Let i = -13 - 12. Suppose -18 - 18 = 4*q. Let t = q - i. List the prime factors of t.
2
Let y = -23 + 56. List the prime factors of y.
3, 11
Suppose 4*r = -4*m + 48, r - 18 = -m - 2*r. List the prime factors of m.
3
Suppose 0 = -c + 8 - 0. Let j be c/20 + 46/10. Suppose 5*k - 45 = -6*l + l, 4*l - j*k = 0. What are the prime factors of l?
5
Suppose -2*f - b + 2*b - 40 = 0, 4*f + 4*b + 104 = 0. Let m = 43 + f. What are the prime factors of m?
3, 7
Let j(u) = -3 - 3 + 1 + 7*u + 3 - u**2. What are the prime factors of j(5)?
2
Suppose -2*u = -7*u + 990. List the prime factors of u.
2, 3, 11
Let u = 24 - 7. What are the prime factors of u?
17
Let j be 19*(-1 - -2)*-1. Let w = j + 13. Let d = w - -10. What are the prime factors of d?
2
List the prime factors of 4 + 440/6 - 2/(-3).
2, 3, 13
Let h(o) = -5 - 5*o**3 - 7*o**2 - 5*o - o + 6*o**3 + o. What are the prime factors of h(8)?
19
Let v(a) = -a**3 - 8*a**2 - 9*a - 10. Let k be v(-7). Let h(f) = -f - 4. Let i be h(k). List the prime factors of (2/1)/((-4)/i).
2
Suppose -2 = -5*r + 8, -5*r = 5*k - 1210. List the prime factors of k.
2, 3, 5
Suppose 3*z + 3*g = -57 + 387, -z + 5*g = -140. List the prime factors of z.
5, 23
List the prime factors of -1 + 91 + (-14)/35*10.
2, 43
Let v(x) = x**2 + 5*x - 6. Let y be v(-6). Suppose -2*z - 28 = 4*l - y*z, -4*z = 8. What are the prime factors of ((-16)/3)/(l/9)?
2
Let k(c) = 85*c - 11. What are the prime factors of k(4)?
7, 47
Let n(b) = 353*b**2 - 2*b + 3. What are the prime factors of n(1)?
2, 3, 59
Let p(m) = -m**2 + 8*m - 9. Let g = -1 - -7. Let y be p(g). Suppose -o - t = -4, 4*t - y*t + 8 = o. What are the prime factors of o?
2, 3
Suppose -195 = -5*i + 4*z + 26, i - 46 = -z. List the prime factors of i.
3, 5
Let w(u) = 11*u - 10. Let t = -4 + 8. What are the prime factors of w(t)?
2, 17
Let g be (6*1)/(6/16). Suppose 0*s - s + g = 0. What are the prime factors of s?
2
Suppose 90 = 5*u - 2*u. What are the prime factors of u?
2, 3, 5
Let p(u) = 2*u**2 + 7*u - 1. Let d be p(-6). Suppose 26 = n + 4*t - d, 75 = 2*n + t. Suppose -6*c + n = -c. List the prime factors of c.
7
Let q(k) = k**3 - 3*k**2 + k - 2. Suppose 0 = 2*a + 2*b - 12, -2*b + 0*b = 4*a - 18. Let w be q(a). List the prime factors of 12 + 1 - (w - -2).
2, 5
Let q = -37 + 41. What are the prime factors of q?
2
Let c(w) = 6*w**2 + 2*w. Let i = 7 + -5. Let l be c(i). Suppose -48 = -5*m - 2*x, -4*m - x = -2*x - l. List the prime factors of m.
2
What are the prime factors of (-16)/24*273*-1?
2, 7, 13
Let v(z) = 0*z + 6 - z + 0*z + 2*z. What are the prime factors of v(3)?
3
Let r(x) = -3*x**3 - 14*x**2 - 19*x - 3 + 2*x**3 + 15*x - 5. List the prime factors of r(-14).
2, 3
Suppose 0 = 3*h + 12 - 81. Suppose 0 = 5*a - 3*c - h, -2*c + 36 = -2*a + 6*a. List the prime factors of a.
7
Suppose l = 3*z - 20, 4*z + 5*l = 3*z - 4. What are the prime factors of z?
2, 3
Suppose -3*a + 4*a = -y + 30, 0 = -4*y - 2*a + 130. What are the prime factors of y?
5, 7
Suppose 11*z - 19*z = -616. What are the prime factors of z?
7, 11
Suppose 3*c = 7*c + v - 16, 5*v + 20 = 0. List the prime factors of c.
5
Let q(w) = 2*w + 2. Let r be q(-5). Let d = -3 - r. Suppose 6*g = 3*g - d*a + 35, -2*a = 5*g - 52. What are the prime factors of g?
2, 5
Suppose 0 = 4*h - 6*h + 10. Suppose 2*d - 16 = -2*d. Suppose -5*n = -x + 2, -h*x + d = -5*n - 46. List the prime factors of x.
2, 3
Let r(p) = -p - 4. Let n be r(-5). Let o be (-16)/2 - (-3 + n). What are the prime factors of (-44)/o + (-6)/(-9)?
2
Suppose 0 = -2*k + 17 + 13. Suppose 3*x + 2*g - 63 = 0, 2*x - k = 3*g + 14. List the prime factors of x.
19
Let i(d) = 21*d**2 - d - 2. Let u be i(2). List the prime factors of u/2 + (-1 - 0).
3, 13
Suppose 3*l + 8 = 29. Let k = 9 + l. What are the prime factors of k?
2
Let c(k) = k**3 + 6*k**2 - 9*k - 10. Let s be c(-7). Suppose 4*y - 46 - 31 = -3*z, -s*y = -3*z + 37. List the prime factors of z.
19
List the prime fact